st the prime factors of 106/k + 4/(-6).
17
Let m = -89 + 94. Suppose 5*q + m = 5*y + 30, 3*q + 34 = -4*y. List the prime factors of 2/y + 0 - 1480/(-35).
2, 3, 7
Let h be 16/4 + (-4)/1. Suppose -70 = -l - l + o, h = 4*o. Let v = 12 + l. What are the prime factors of v?
47
Let a = -46 + 46. Suppose -2*t + a*l = -l + 4, -2*l + 2 = -t. What are the prime factors of 2535/18 + t/(-12)?
3, 47
Let u(l) = 206*l - 11. Let a = 919 + -916. What are the prime factors of u(a)?
607
Let z(f) = f**3 - 5*f**2 + f - 13. Let t be z(6). Suppose -25 - t = -9*a. Suppose a*v + 5*b = 3*v + 709, b = 5*v - 1191. What are the prime factors of v?
2, 7, 17
Suppose -19*m = -15*m + 1860. Let s = m - -818. What are the prime factors of s?
353
Let a(b) = b**3 + b**2 + 2*b - 2. Let h be a(-2). Let f be 5/h + (-1555)/(-10). Let k = 314 - f. List the prime factors of k.
3, 53
Let y(j) = 16*j**3 - 19*j**2 - 8*j + 7. Let z be y(5). Suppose 5*h + 0*g - 1820 = -5*g, -5*g - z = -4*h. What are the prime factors of h?
2, 23
Let w = 12 + -7. Suppose -12 = -3*f, -3*f + w*f = q + 7. What are the prime factors of q/((-1 - 2)/(-321))?
107
Let x = 1 - 5. Let u(a) = -97*a - 31. Let n be u(x). Suppose -121 = -w - 2*z, -3*w - 3*z + n = -0*w. What are the prime factors of w?
3, 13
Let h = -17 - -92. Let j = 42 - h. What are the prime factors of (-4)/14 - 67*j/21?
3, 5, 7
Suppose -30 = -4*x + 5*t + 70, 5*t = x - 40. Let v be 1504/10 + x/(-50). Suppose -c - c = 2*g - v, 5*g + 2*c = 378. List the prime factors of g.
2, 19
Let s = -940 - -599. Let i = 151 - s. List the prime factors of i.
2, 3, 41
Let o = 2339 + -4138. Let m = o + 2593. List the prime factors of m.
2, 397
Suppose 0*w = 3*w - 4*o - 2002, 3350 = 5*w - 4*o. Suppose w = 5*b - 1306. List the prime factors of b.
2, 3, 11
Suppose -8 - 8 = -3*y - 4*v, y = -4*v. Suppose -39*o + 22*o = 25*o. Suppose y*g + g - 378 = o. What are the prime factors of g?
2, 3, 7
Let u(b) be the first derivative of b**4/6 + 35*b**3/6 - 19*b**2/2 - 12*b - 11. Let o(t) be the first derivative of u(t). What are the prime factors of o(-20)?
3
Let q(d) = 50*d**2 + 8*d + 3. Let o(i) = -i**2 - 2*i - 1. Let p(n) = 3*o(n) + q(n). Suppose 0 = -2*b + 3 - 1. List the prime factors of p(b).
7
Suppose c = s - 280, -4*s - 1095 = 3*c - 248. Suppose -1838 = -6*p + 562. Let w = p + c. List the prime factors of w.
7, 17
Let i(l) = -l**3 + 53*l**2 - 2*l - 139. List the prime factors of i(52).
23, 107
Let w = -17 - -31. Suppose w*l - 2964 = l. List the prime factors of l.
2, 3, 19
Let r be 7405/50 + 4 + 205/(-50). Suppose 30*p - 30032 = r. List the prime factors of p.
2, 503
Suppose 0 = -8*o + 10959 + 21017. What are the prime factors of o?
7, 571
List the prime factors of ((-158)/(-9))/(4/2886) - (-2)/(-6).
2, 3, 2111
What are the prime factors of ((-18198544)/(-65))/14 - 8/(-5)?
2, 5
Suppose 9*b - 2 = 10*b + 4*k, -5*b = -3*k - 13. Suppose u = -b*s + 1034 - 73, -5*u + 4820 = -5*s. What are the prime factors of u?
3, 107
Let n(c) = 2*c + 420. Let w be n(0). Let z = w + 383. What are the prime factors of z?
11, 73
Suppose 93 = -4*w - 323. What are the prime factors of (w/(-10))/(1/10)?
2, 13
Let c(o) = 6*o**2 - 4*o - 4. Let j be c(4). Let v = j + -46. List the prime factors of 102/v + (-2)/5.
3
Let a be (2 + 0)/((-10)/2285). Let u = a + 492. What are the prime factors of u?
5, 7
Let n(h) = 6*h**2 - 202*h - 97. What are the prime factors of n(38)?
3, 11
Let g(a) = -7*a + 4. Suppose 0*v + 28 = 7*v. Let u be g(v). What are the prime factors of -2*(-4)/u - 103/(-3)?
2, 17
Let f be ((-724)/(-8))/(2/8*-1). Suppose 3*a + 4*s = -101 - 441, -174 = a + 3*s. Let n = a - f. List the prime factors of n.
2, 11
Let w(t) = -881*t - 139. List the prime factors of w(-7).
2, 11, 137
Let h(r) = 6*r**2 + 42*r - 209. What are the prime factors of h(29)?
5, 7, 173
Let w = 78 + -59. Suppose -w*j + 23*j = 68. What are the prime factors of j?
17
List the prime factors of (11974/10)/(17/(-6 - -91)).
5987
Suppose 2*v - 3*v = 0. Suppose 3*g + 963 = 6*g - 5*m, v = -m - 3. List the prime factors of g.
2, 79
Let b be (-70)/(-7)*-10*12/(-3). Suppose -j = j + 3*r + b, -3*j + 5*r - 619 = 0. Let u = -106 - j. List the prime factors of u.
97
Let o(b) = -b**2 + 16*b + 25. Let g(k) = 4*k**2 + 6 + 3 - 2 + 23*k + 2. Let y be g(-6). List the prime factors of o(y).
2, 5
Let v be (4/(-14) + 125/70)*10. Suppose -v = 3*z, 3*z - 665 = -2*r + 6*r. What are the prime factors of (-1)/4 + r/(-8)?
3, 7
Suppose 15*s - 308184 = 126951. Suppose s - 4342 = 17*y. What are the prime factors of y?
1451
Let r(x) = -53*x + 7. Suppose 18*m + 12 + 6 = 0. Let n be r(m). Let a = n - -104. List the prime factors of a.
2, 41
Let g(i) = 25*i**3 + i**2 + 13*i - 23. Let y be g(3). Suppose -6*w + w + 5*x + y = 0, 4*w + 5*x = 605. List the prime factors of w.
5, 29
Let i be -4*(-1)/(-2)*619/(-2). Let u = i + -324. Let k = u - 147. What are the prime factors of k?
2, 37
Let p be 1 + (4*2)/(-1). Let v(m) = -7*m**2 + 0*m**2 + 6 + m**3 + 14*m**2 + m**2. What are the prime factors of v(p)?
5, 11
Suppose f - 3*l - 708 = -38, f - 622 = 11*l. List the prime factors of f.
2, 43
Let c = 248 - 396. Let v = c + 58. Let i = v + 152. List the prime factors of i.
2, 31
Let b = 32 - 67. Let s = -32 - b. Suppose 2*t + 7*u - 3*u - 370 = 0, s*u = 5*t - 899. What are the prime factors of t?
181
Let u be (8 - 11)/(2/(-104)*3). Let l be 28/13 - 8/u. What are the prime factors of 5/l + (-4)/(-8) + 90?
3, 31
Let t(z) = -19*z**2 - 25*z + 119. Let c be t(5). Let o = 420 - c. What are the prime factors of o?
17, 53
Let c(o) = 19*o**2 - 5*o - 8. Let y = -161 - -157. What are the prime factors of c(y)?
2, 79
Suppose 0 = -121*k + 123*k - 15334. What are the prime factors of k?
11, 17, 41
Let b(d) be the first derivative of -5/4*d**4 + 0*d - 8 + d**2 + d**3. List the prime factors of b(-3).
2, 3, 13
Let l(m) = -2*m**2 - 21*m - 20. Let k be 476/(-70)*10/(-4). Let b be l(k). What are the prime factors of b/(-10) + -2*(-2)/8?
2, 3
Suppose -14*g + 2295 + 6427 = 0. Let a = g - 244. Suppose -5*u + a = 2*w, 0*w + w = 4*u + 170. What are the prime factors of w?
2, 7, 13
Let b(h) = -4*h**2 + 13*h + 8324. List the prime factors of b(0).
2, 2081
Suppose 0 = -3*u - 4*a - 2, -u - 6 = -0*a + 4*a. Let h be 3 - (u + (4 - -173)). Let z = -104 - h. What are the prime factors of z?
2, 3
List the prime factors of ((-140)/(-9))/(12/3942).
2, 5, 7, 73
Let j be (-243)/6*8/(-12). Let n be (j/(-18))/((-1)/(-270)). What are the prime factors of (-668)/(-9) - 9/(n/(-10))?
2, 37
Suppose -7*a + 2*a = 0. Let p(s) be the third derivative of -s**5/60 - s**4/24 + 53*s**3/6 + 57*s**2. What are the prime factors of p(a)?
53
Let y be (-2350)/20 + 3/2. What are the prime factors of (6 + (6 - y))*2?
2
Suppose 0 = 10*v - 11058 + 48. Suppose -5*p + u + v = 0, p + 3*u = 2*p - 223. What are the prime factors of p?
2, 5, 11
Let s(l) = -478*l + 1250. List the prime factors of s(-42).
2, 10663
List the prime factors of 9406 + (-126)/18*(-4)/84*-6.
2, 2351
Let z(h) = 2 + 5*h**2 + 1 + 2*h + 277*h**2. What are the prime factors of z(-1)?
283
Let f = -6276 + 18856. What are the prime factors of f?
2, 5, 17, 37
Suppose 0 = 5*g - 17949 + 4674. Let y = g + -1002. List the prime factors of y.
3, 19, 29
Suppose k + 364*x - 361*x = 52287, -3*k + 156889 = 2*x. List the prime factors of k.
3, 13, 149
Let v = 9 + -6. Suppose 0 = 7*w - v*w - 1008. Let n = 408 - w. List the prime factors of n.
2, 3, 13
Let p be 2 - (-3 + 6)*(-768)/(-9). Let t = p + 71. Let o = t - -319. What are the prime factors of o?
2, 17
Suppose 4*x = 449 + 191. Let n(o) = -o**3 + 27*o**2 + o - 15. Let l be n(27). Suppose x = y + l. List the prime factors of y.
2, 37
Let r(g) = 3*g + 3. Let f be r(-3). Let h(o) = -41*o + 14 + 99*o - 35*o - 35*o. List the prime factors of h(f).
2, 43
Suppose -v + 6*v - 5*r = 164695, -5*v - r = -164677. What are the prime factors of v?
2, 23, 179
Suppose -3*i - 4*i = 35. Let s be (-4)/(-10) - 768/i. Suppose -s - 68 = -2*f. What are the prime factors of f?
3, 37
Let v = 50645 + -35366. List the prime factors of v.
3, 11, 463
Suppose -15*n = -30632 - 12238. What are the prime factors of n?
2, 1429
Let a(i) = 191*i**2 + 47*i - 45. List the prime factors of a(1).
193
Let j = -10670 - -20056. What are the prime factors of j?
2, 13, 19
Suppose 